{"id":8,"date":"2021-11-18T18:58:53","date_gmt":"2021-11-18T17:58:53","guid":{"rendered":"https:\/\/nu724318808.wordpress.com\/a-propos\/"},"modified":"2024-02-15T03:05:53","modified_gmt":"2024-02-15T02:05:53","slug":"a-propos","status":"publish","type":"page","link":"https:\/\/www.nicholasbeecroft.fr\/index.php\/a-propos\/","title":{"rendered":"Qui suis je ?"},"content":{"rendered":"<div class=\"wp-block-image is-style-rounded\">\n<figure class=\"aligncenter size-large is-resized\"><img decoding=\"async\" src=\"https:\/\/www.nicholasbeecroft.fr\/wp-content\/uploads\/2022\/01\/p1050267-2.jpg?w=1024\" alt=\"\" class=\"wp-image-288\" style=\"width:518px;height:512px\"\/><\/figure>\n<\/div>\n\n\n<p>J&rsquo;ai plusieurs \u00ab\u00a0casquettes\u00a0\u00bb pour mes diff\u00e9rents activit\u00e9s, mais, avant tout, je sui humble citoyen du monde sur le chemin de la vie&#8230;<\/p>\n\n\n\n<p><strong>Coach certifi\u00e9<\/strong> (<a href=\"https:\/\/www.coachingformation.eu\/\" target=\"_blank\" rel=\"noreferrer noopener\">Ecole ICA<\/a>) : le mot \u00ab\u00a0coach\u00a0\u00bb est compliqu\u00e9 pour moi car c&rsquo;est encore un mot trop galvaud\u00e9 qui perd son sens. Donc, d&rsquo;abord, un coach <strong>n&rsquo;est pas<\/strong> : <em>un coach sportif style am\u00e9ricain \u00ab\u00a0vas-y, vas-y !\u00a0\u00bb, un conseilleur, un consultant, une sorte de gourou, un formateur, un mentor, un th\u00e9rapeute, un superviseur&#8230;<\/em> OK, \u00e7a fait beaucoup de choses mais beaucoup de personnes confond le m\u00e9tier de coach avec tout ces autres personnages. Alors, c&rsquo;est quoi au juste ? <\/p>\n\n\n\n<p>J&rsquo;aime bien cette d\u00e9finition                                                                               \u00ab\u00a0<em>Le coaching part du principe que le client a la solution en lui ou la possibilit\u00e9 de mettre les moyens en \u0153uvre pour la trouver. C&rsquo;est le paradigme de d\u00e9part de cette belle profession. Tout le reste est danse o\u00f9 le client choisit la musique et le type de danse et le coach s&rsquo;amuse \u00e0 s&rsquo;accorder \u00e0 sa fa\u00e7on de percevoir mais surtout \u00e0 le challenger, \u00e0 le titiller de fa\u00e7on \u00e0 ce que le client prenne confiance en lui et en ses infinies ressources et potentiels.<\/em>\u00a0\u00bb               Sylviane Cannio <\/p>\n\n\n\n<p><strong>Psycho-praticien<\/strong> : Dans le coaching nous avons diff\u00e9rents outils pour aider le client \u00e0 lever ses obstacles mais, parfois ces obstacles cache des choses plus costauds derri\u00e8re, n\u00e9cessitant plusieurs s\u00e9ances pour les soigner (la gu\u00e9rison reste toujours le propre du client). C&rsquo;est donc une autre approche : questionner, chercher, regarder dans les ombres, transformer, soigner. J&rsquo;utilise diff\u00e9rents psycho outils selon mon intuition du moment y compris des constellations syst\u00e9miques. Pour ces s\u00e9ances l\u00e0, l&rsquo;objectif est simplement de retrouver un \u00e9quilibre dans le bien \u00eatre et donner des outils pour le maintenir dans la dur\u00e9e.<\/p>\n\n\n\n<p><strong>Constellateur<\/strong> : form\u00e9 pour des constellations familiales et syst\u00e9miques par <a href=\"https:\/\/www.eyos.fr\/\" target=\"_blank\" rel=\"noreferrer noopener\">Emilie Grosshardt<\/a> \u00e0 Strasbourg, dans la lign\u00e9e de Bert Hellinger et Idriss Lahore, je me suis \u00e9galement int\u00e9ress\u00e9 aux constellations chamaniques. Ainsi, j&rsquo;ai d\u00e9velopp\u00e9 une approche bien \u00e0 moi, toujours au service du principe \u00ab\u00a0le syst\u00e8me cherche l&rsquo;\u00e9quilibre et sait comment y parvenir\u00a0\u00bb. J\u2019organise des journ\u00e9es de constellation le dimanche tout les deux mois (30 \u20ac la journ\u00e9e): me contacter pour plus d&rsquo;infos. Pour les dates voir ce page <a href=\"https:\/\/www.nicholasbeecroft.fr\/index.php\/prochains-activites\/\">Prochaines activit\u00e9s<\/a>.  Vous pouvez participer en tant que repr\u00e9sentant pour vivre \u00ab\u00a0l&rsquo;effet miroir\u00a0\u00bb car chaque constellation r\u00e9sonne par rapport \u00e0 notre propre histoire. Sinon, vous pouvez vous faire consteller en venant la pr\u00e9parer en amont avec moi (prix d&rsquo;une s\u00e9ance 70\u20ac) plus le prix de participation (30\u20ac) pour la journ\u00e9e (soit 100\u20ac en total).<\/p>\n\n\n\n<p><strong>Animateur des Stages pour des Hommes<\/strong>: (voir \u00e9galement le page <a href=\"https:\/\/www.nicholasbeecroft.fr\/index.php\/nu-hommes-etre-homme-aujourdhui\/\">nu = Nous les Hommes<\/a>) pour plus d&rsquo;infos et <a href=\"https:\/\/www.nicholasbeecroft.fr\/index.php\/prochains-activites\/\">Prochaines activit\u00e9s<\/a> pour les dates. <\/p>\n\n\n\n<div style=\"height:100px\" aria-hidden=\"true\" class=\"wp-block-spacer\"><\/div>\n\n\n\n<p class=\"has-text-align-center has-extra-large-font-size\">Mon histoire de vie et mes voyages, mon parcours inou\u00ef<\/p>\n\n\n\n<p>Mon histoire de vie est \u00e0 la fois riche, compliqu\u00e9e, parsem\u00e9e de souffrance mais aussi de grandes joies.<\/p>\n\n\n\n<p>N\u00e9 en Angleterre en septembre 1964, je suis adopt\u00e9 \u00e0 l\u2019\u00e2ge de deux semaines. Je grandis dans de bonnes conditions ais\u00e9es mais, malgr\u00e9 tout, je suis pris par une envie forte de tout l\u00e2cher et de partir pour un long p\u00e9riple de quatre ans, \u00e0 l\u2019\u00e2ge de 18 ans. Je passe par l\u2019Inde, l\u2019Australie, le Tibet, la Chine, l\u2019Asie sud-est, c\u2019est une longue histoire\u2026<\/p>\n\n\n\n<p>Je deviens parent tr\u00e8s t\u00f4t, \u00e0 l\u2019\u00e2ge de 23 ans, une petite fille arrive de fa\u00e7on impr\u00e9vue puis des gar\u00e7ons tripl\u00e9s&nbsp;! Apr\u00e8s la naissance de ma fille, j&rsquo;ai envie de retrouver mes parents naturels. Je suis \u00e0 deux doigts de rencontrer ma m\u00e8re mais elle meurt un jour avant que ma lettre de pr\u00e9sentation (elle habite l\u2019Australie) n\u2019arrive&nbsp;! C\u2019est triste et douloureux pour moi&nbsp;! Mais j\u2019ai la chance de rencontrer mon p\u00e8re, deux fr\u00e8res, trois s\u0153urs et des cousins (en Australie et Nouvelle Z\u00e9lande) par la suite. C\u2019est une longue histoire&nbsp;! Je suis grand p\u00e8re de trois petits enfants. Le chemin adulte des tripl\u00e9s est profond\u00e9ment douloureux: suicide, schizophr\u00e9nie et prison. Un voyage \u00e9motionnel qui d\u00e9passe les mots. C\u2019est gr\u00e2ce \u00e0 toutes ces exp\u00e9riences que j\u2019approfondis mon chemin spirituel et ma qu\u00eate d&rsquo;identit\u00e9. <\/p>\n\n\n\n<p>Aujourd\u2019hui, je vis dans le Bas Rhin avec ma deuxi\u00e8me \u00e9pouse et nous sommes tous les deux passionn\u00e9s par l\u2019humain, l\u2019intelligence collective, le d\u00e9cider \u00ab&nbsp;ensemble&nbsp;\u00bb, le nouveau paradigme, trouver des solutions alternatives pour avancer ensemble, r\u00e9-imaginer la vie autrement &#8230; J\u2019ai enfin d\u00e9cid\u00e9 de mettre ces int\u00e9r\u00eats et ces passions au centre de ma troisi\u00e8me et nouvelle activit\u00e9 professionnelle&nbsp;!<\/p>\n\n\n\n<p class=\"has-text-align-left\"><\/p>\n\n\n<div class=\"wp-block-image\">\n<figure class=\"aligncenter size-large is-resized\"><img decoding=\"async\" src=\"https:\/\/www.nicholasbeecroft.fr\/wp-content\/uploads\/2022\/01\/p1050283.jpg?w=1024\" alt=\"\" class=\"wp-image-294\" style=\"width:507px;height:381px\"\/><\/figure>\n<\/div>\n\n\n<div style=\"height:100px\" aria-hidden=\"true\" class=\"wp-block-spacer desktop-only\"><\/div>\n\n\n\n<h3 class=\"wp-block-heading has-text-align-center\"><\/h3>\n\n\n\n<div class=\"wp-block-columns alignwide has-3-columns is-layout-flex wp-container-core-columns-is-layout-9d6595d7 wp-block-columns-is-layout-flex\">\n<div class=\"wp-block-column is-layout-flow wp-block-column-is-layout-flow\">\n<blockquote class=\"wp-block-quote is-layout-flow wp-block-quote-is-layout-flow\">\n<p>Nul besoin de Temples, nul besoin de Philosophies compliqu\u00e9es. Notre Cerveau et notre C\u0153ur sont nos Temples.<\/p>\n<cite>Dala\u00ef Lama<\/cite><\/blockquote>\n<\/div>\n\n\n\n<div class=\"wp-block-column is-layout-flow wp-block-column-is-layout-flow\">\n<blockquote class=\"wp-block-quote is-layout-flow wp-block-quote-is-layout-flow\">\n<p>Apprends \u00e0 \u00eatre ce que tu es et apprends \u00e0 accepter de bonne gr\u00e2ce tout ce que tu n&rsquo;es pas.<\/p>\n<cite>Henri-Fr\u00e9d\u00e9ric Amiel<\/cite><\/blockquote>\n<\/div>\n\n\n\n<div class=\"wp-block-column is-layout-flow wp-block-column-is-layout-flow\">\n<blockquote class=\"wp-block-quote is-layout-flow wp-block-quote-is-layout-flow\">\n<p>C&rsquo;est dans l&rsquo;ombre de soi-m\u00eame que l&rsquo;on fait les rencontres les plus lumineuses.<\/p>\n<cite>Jacques Salom\u00e9<\/cite><\/blockquote>\n<\/div>\n<\/div>\n\n\n\n<p class=\"has-extra-large-font-size\"><strong>Mes exp\u00e9riences de Vie<\/strong><\/p>\n\n\n\n<p><strong>Associative<\/strong><br>(2007 \u2013 2017)<br>J\u2019ai \u00e9t\u00e9 actif dans diverses associations durant toutes ces ann\u00e9es. Un association appel\u00e9e \u00ab&nbsp;Nomades&nbsp;\u00bb : activit\u00e9s culturelles, en lien avec la nature et la vie. Une autre association pour l\u2019organisation d\u2019\u00e9v\u00e9nements en lien avec le Celtisme. Et puis les Colibris, association nationale qui offre et d\u00e9veloppe des solutions pour un changement soci\u00e9tal: intelligence collective, solutions \u00e9cologiques et locales, nourrir des solutions positives en lien avec la Vie\u2026<\/p>\n\n\n\n<p><strong>Voyages et d\u00e9couvertes<\/strong><br>(1980 \u2013 aujourd\u2019hui)<br>J\u2019ai toujours ador\u00e9 voyager : je suis parti durant 4 ans \u00e0 l\u2019\u00e2ge de 18ans : Inde, Chine, Tibet, Asie sud-est, Australie; un long p\u00e9riple qui m\u2019a ouvert tant sur la culture que sur les religions et les fa\u00e7ons de vivre ailleurs. Je suis un passionn\u00e9 de la randonn\u00e9e donc je pars souvent en trek: L\u2019Himalaya, les Andes, les Alpes etc et j\u2019\u00e9dite des photo livres pour raconter mes histoires.<\/p>\n\n\n\n<p><strong>Spirituel et autres<\/strong><br>(1970 \u2013 aujourd\u2019hui)<br>J\u2019ai toujours \u00e9t\u00e9 int\u00e9ress\u00e9 par ces questions l\u00e0. Tout a commenc\u00e9 avec un livre sur l\u2019astronomie quand j\u2019avais cinq ans et les questions que ce livre a suscit\u00e9 en moi. Ensuite, j\u2019ai \u00e9t\u00e9 \u00e9lev\u00e9 dans la religion chr\u00e9tienne et j\u2019ai toujours \u00e9t\u00e9 curieux. J\u2019ai d\u00e9couvert le Bouddhisme et la pratique de la m\u00e9ditation Vipassana avec grand int\u00e9r\u00eat lors de mon deuxi\u00e8me voyage en Tha\u00eflande en 1985, puis l\u2019hindouisme et d\u2019autres approches religieuses en Inde et ailleurs. Krishnamurti et Yogananda m\u2019ont beaucoup apport\u00e9, bien qu\u2019il s\u2019agisse d\u2019enseignements tr\u00e8s diff\u00e9rents. D\u00e8s mon retour en Angleterre, j\u2019ai lu et d\u00e9couvert diverses approches spirituelles et je ne me suis jamais arr\u00eat\u00e9 depuis. C\u2019est depuis ce moment l\u00e0 que j\u2019ai commenc\u00e9 \u00e0 me questionner et \u00e0 me documenter sur le masculin \u00ab\u00a0sacr\u00e9\u00a0\u00bb.<\/p>\n\n\n\n<p><strong><strong>Parcours Professionnel<\/strong><br><\/strong>(1980 \u2013 aujourd\u2019hui)<strong><br><\/strong>Photographe en voyage, j&rsquo;ai expos\u00e9 en Angleterre. J\u2019ai une exp\u00e9rience industrielle et manag\u00e9riale de 22 ans. Pour mes 50 ans en 2014, j\u2019ai d\u00e9cid\u00e9 de me lancer sur un nouveau parcours professionnel en tant qu\u2019enseignant d\u2019anglais. J\u2019ai enseign\u00e9 \u00e0 l\u2019universit\u00e9 de Strasbourg, \u00e0 L\u2019IUT, dans diverses autres \u00e9coles, dans des entreprises et chez moi (voir site \u00ab\u00a0Anglobe\u00a0\u00bb <a rel=\"noreferrer noopener\" href=\"https:\/\/anglobe.fr\/\" target=\"_blank\">https:\/\/anglobe.fr\/<\/a> ). En 2020, j\u2019ai d\u00e9cid\u00e9 de d\u00e9velopper d\u2019autres activit\u00e9s, ce qui m&rsquo;a amen\u00e9 au NU&#8230;<\/p>\n\n\n\n<p><\/p>\n\n\n\n<p><\/p>\n\n\n\n<div style=\"height:100px\" aria-hidden=\"true\" class=\"wp-block-spacer desktop-only\"><\/div>\n\n\n\n<hr class=\"wp-block-separator has-css-opacity is-style-wide\"\/>\n\n\n\n<div style=\"height:100px\" aria-hidden=\"true\" class=\"wp-block-spacer desktop-only\"><\/div>\n\n\n\n<h2 class=\"wp-block-heading has-text-align-center\" id=\"vous-voulez-en-savoir-plus\">Vous voulez en savoir plus ?<\/h2>\n\n\n\n<div class=\"wp-block-button aligncenter\"><a class=\"wp-block-button__link wp-element-button\" href=\"https:\/\/www.nicholasbeecroft.fr\/index.php\/contact\/\">Contactez-moi&nbsp;!<\/a><\/div>\n\n\n\n<div style=\"height:100px\" aria-hidden=\"true\" class=\"wp-block-spacer desktop-only\"><\/div>\n\n\n\n<hr class=\"wp-block-separator has-css-opacity is-style-wide\"\/>\n\n\n\n<div style=\"height:100px\" aria-hidden=\"true\" class=\"wp-block-spacer\"><\/div>\n","protected":false},"excerpt":{"rendered":"<p>J&rsquo;ai plusieurs \u00ab\u00a0casquettes\u00a0\u00bb pour mes diff\u00e9rents activit\u00e9s, mais, avant tout, je sui humble citoyen du monde sur le chemin de la vie&#8230; Coach certifi\u00e9 (Ecole ICA) : le mot \u00ab\u00a0coach\u00a0\u00bb est compliqu\u00e9 pour moi car c&rsquo;est encore un mot trop galvaud\u00e9 qui perd son sens. Donc, d&rsquo;abord, un coach n&rsquo;est pas : un coach sportif&hellip; <a class=\"more-link\" href=\"https:\/\/www.nicholasbeecroft.fr\/index.php\/a-propos\/\">Poursuivre la lecture <span class=\"screen-reader-text\">Qui suis je ?<\/span><\/a><\/p>\n","protected":false},"author":1,"featured_media":0,"parent":0,"menu_order":1,"comment_status":"closed","ping_status":"closed","template":"","meta":{"footnotes":""},"class_list":["post-8","page","type-page","status-publish","hentry","entry"],"_links":{"self":[{"href":"https:\/\/www.nicholasbeecroft.fr\/index.php\/wp-json\/wp\/v2\/pages\/8","targetHints":{"allow":["GET"]}}],"collection":[{"href":"https:\/\/www.nicholasbeecroft.fr\/index.php\/wp-json\/wp\/v2\/pages"}],"about":[{"href":"https:\/\/www.nicholasbeecroft.fr\/index.php\/wp-json\/wp\/v2\/types\/page"}],"author":[{"embeddable":true,"href":"https:\/\/www.nicholasbeecroft.fr\/index.php\/wp-json\/wp\/v2\/users\/1"}],"replies":[{"embeddable":true,"href":"https:\/\/www.nicholasbeecroft.fr\/index.php\/wp-json\/wp\/v2\/comments?post=8"}],"version-history":[{"count":15,"href":"https:\/\/www.nicholasbeecroft.fr\/index.php\/wp-json\/wp\/v2\/pages\/8\/revisions"}],"predecessor-version":[{"id":800,"href":"https:\/\/www.nicholasbeecroft.fr\/index.php\/wp-json\/wp\/v2\/pages\/8\/revisions\/800"}],"wp:attachment":[{"href":"https:\/\/www.nicholasbeecroft.fr\/index.php\/wp-json\/wp\/v2\/media?parent=8"}],"curies":[{"name":"wp","href":"https:\/\/api.w.org\/{rel}","templated":true}]}}