{"id":647,"date":"2022-10-17T15:27:55","date_gmt":"2022-10-17T13:27:55","guid":{"rendered":"https:\/\/www.nicholasbeecroft.fr\/?page_id=647"},"modified":"2024-12-30T22:44:19","modified_gmt":"2024-12-30T21:44:19","slug":"livre-dor","status":"publish","type":"page","link":"https:\/\/www.nicholasbeecroft.fr\/index.php\/livre-dor\/","title":{"rendered":"Livre d&rsquo;Or"},"content":{"rendered":"\n<p>Ici je publie quelques gentils retours que j&rsquo;ai eu des participants \u00e0 mes accompagnements, stages et constellations. Merci \u00e0 eux pour leur confiance. Que leur confiance puisse vous inspirer vous aussi \u00e0 me contacter&#8230;<\/p>\n\n\n\n<p style=\"font-size:33px\"><strong>Constellations :<\/strong> <\/p>\n\n\n\n<p>\u00a0\u00bb <em>J&rsquo;ai particip\u00e9 \u00e0 une constellation familiale avec Nicholas. Cela m&rsquo;a permis de sonder les \u00e9nergies cristallis\u00e9es aupr\u00e8s de mes a\u00efeux et de d\u00e9couvrir des secrets relationnels qui m\u2019ont touch\u00e9s, qui m\u2019ont boulevers\u00e9s, qui m\u2019ont fait pleurer par leurs v\u00e9rit\u00e9s et surtout par la v\u00e9rit\u00e9 de ce que \u00e7a a r\u00e9veill\u00e9 en moi. Cela m&rsquo;a permis de continuer mon chemin de gu\u00e9rison. De me connecter \u00e0 l&rsquo;Amour Universelle des participants \u00e0 cette constellation. Et tout cela s\u2019est pass\u00e9 de mani\u00e8re tr\u00e8s fluide gr\u00e2ce \u00e0 la bienveillance, le professionnalisme et l&rsquo;\u00e9nergie toujours positive de Nicholas. Je te dis merci du fond du c\u0153ur et de mon \u00c2me, pour la bont\u00e9 et la g\u00e9n\u00e9rosit\u00e9 don tu fais preuve. A bient\u00f4t j&rsquo;esp\u00e8re pour une nouvelle constellation<\/em> \u00a0\u00bb  <strong>Michel<\/strong><\/p>\n\n\n\n<p>\u00a0\u00bb <em>Ce que j&rsquo;aime avec les constellations familiales que proposent Nicolas c&rsquo;est qu&rsquo;elles ne ressemblent pas \u00e0 du copier\/coller. Je suis pleinement moi dans cet espace avec les autres et je peux explorer le subtil. Nicolas m&rsquo;a aid\u00e9 \u00e0 mettre des mots et ancrer dans la mati\u00e8re ce qui pour moi se pr\u00e9sente dans l&rsquo;invisible&#8230;Il est \u00e0 l&rsquo;\u00e9coute de mes ressentis. J&rsquo;aime voir ce masculin \u00e0 travers lui nous d\u00e9voiler tout son f\u00e9minin. Gratitude Nicholas, de montrer ta force et ta vuln\u00e9rabilit\u00e9 avec toutes tes \u00ab\u00a0exp\u00e9riences\u00a0\u00bb que tu as travers\u00e9es. Merci d&rsquo;oser et poser ces instants pour me permettre d&rsquo;\u00eatre pr\u00e9sente \u00e0 moi<\/em> \u00a0\u00bb   <strong>Fa\u00efza<\/strong><\/p>\n\n\n\n<div style=\"height:41px\" aria-hidden=\"true\" class=\"wp-block-spacer\"><\/div>\n\n\n\n<p style=\"font-size:29px\"><strong>Travail sur le Masculin:<\/strong><\/p>\n\n\n\n<p>\u00ab\u00a0<em>Ce parcours homme a \u00e9t\u00e9 un v\u00e9ritable r\u00e9v\u00e9lateur de qui je suis. Il m\u2019a permis une profonde connexion \u00e0 mes \u00e9motions, que je n\u2019ai jamais eu auparavant. Dans cette connexion, j\u2019ai appris \u00e0 accueillir mes \u00e9motions. Mais aussi celles des autres. J\u2019ai d\u00e9couvert l\u2019\u00e9quilibre n\u00e9cessaire entre force et douceur. Avec soi. Avec les autres. Je ne vois plus la vuln\u00e9rabilit\u00e9 comme une faiblesse. Mais comme un atout, une capacit\u00e9 de connexion, de reliance. Avec soi, en soi. Et avec les autres. Merci \u00e0 Nicholas pour la cadre [s\u00e9curisant\u00a0!], les activit\u00e9s propos\u00e9es ainsi que l\u2019\u00e9coute et l\u2019adaptation dont il a fait preuve pour \u00eatre pr\u00e9sent au mieux \u00e0 ce dont avait besoin le groupe. Merci \u00e0 chaque homme d\u2019avoir \u00ab\u00a0jou\u00e9 le jeu\u00a0\u00bb, d\u2019avoir \u00e9t\u00e9 pr\u00e9sent, connect\u00e9. Merci \u00e0 tous pour cette confiance et cet amour partag\u00e9s\u00a0! Merci\u00a0!!<\/em>\u00a0\u00bb <strong>Olivier<\/strong><\/p>\n\n\n\n<div style=\"height:27px\" aria-hidden=\"true\" class=\"wp-block-spacer\"><\/div>\n\n\n\n<p style=\"font-size:25px\"><strong>Sur l&rsquo;accompagnement :<\/strong><\/p>\n\n\n\n<p>\u00a0\u00bb <em>Je suis en qu\u00eate de me reconnecter au masculin depuis quelques ann\u00e9es. Faire la paix avec mon c\u00f4t\u00e9 masculin mais aussi avec les hommes. Nicholas m\u2019aide sur ce chemin gr\u00e2ce \u00e0 sa sensibilit\u00e9 et son authenticit\u00e9 et me permet d\u2019accepter la puissance du masculin dans ma vie.<\/em> <em>Alors merci<\/em> \ud83d\ude4f <em>du plus profond de mon c\u0153ur<\/em> \u00a0\u00bb   <strong>Manon<\/strong><\/p>\n\n\n\n<p>\u00a0\u00bb <em>Nicholas, je souhaite te remercier pour la pertinence de ta guidance.<\/em> <em>Merci pour tous les merveilleux outils que tu as su d\u00e9ployer pour m&rsquo;accompagner dans ma travers\u00e9e.<\/em> <em>Quelques mois apr\u00e8s notre rencontre je peux affirmer que les effets se font bien sentir : les mouvements sont en place l\u00e0 o\u00f9 ils sont n\u00e9cessaires !<\/em>                             <em>Merci d&rsquo;avoir \u0153uvr\u00e9 avec les mondes invisibles pour que je continue de marcher mon chemin avec plus de l\u00e9g\u00e8ret\u00e9<\/em> \u00a0\u00bb   <strong>Linda<\/strong><\/p>\n\n\n\n<p>\u00ab\u00a0<em>J&rsquo;ai le privil\u00e8ge d&rsquo;avoir une rencontre chaque mois avec Nicholas. Que c&rsquo;est pr\u00e9cieux pour moi d&rsquo;avoir un espace pour m&rsquo;exprimer pleinement dans l&rsquo;homme que je suis, autant dans la sensibilit\u00e9, autant dans la vuln\u00e9rabilit\u00e9 que dans mes fiert\u00e9s, dans mes accomplissements. Nicholas a une \u00e9coute rare, je me sens entendu quand je suis avec lui et il me permet par ses questionnements et ses reformulations de me voir avec plus de clart\u00e9 et d&rsquo;acceptation. Une relation authentique d&rsquo;homme \u00e0 homme que je souhaite \u00e0 tous<\/em>\u00a0\u00bb <strong>Gregory<\/strong><\/p>\n\n\n\n<p>\u00ab\u00a0<em>Son accompagnement holistique m&rsquo;a permis de faire des liens entre des sujets que je pensais \u00eatre ind\u00e9pendants l&rsquo;un de l&rsquo;autre. R\u00e9aliser l&rsquo;interd\u00e9pendance de ces sujets m&rsquo;a permis d&rsquo;ouvrir une porte qui m&rsquo;est utile pour valider la pertinence d&rsquo;un projet. Nicholas n&rsquo;a pas son pareil pour accompagner ses clients de mani\u00e8re fluide et efficace gr\u00e2ce \u00e0 sa grande sensibilit\u00e9 et son \u00e9coute hors paire<\/em>\u00a0\u00bb <strong>Christophe<\/strong><\/p>\n\n\n\n<p>\u00ab\u00a0<em>Nicholas est tr\u00e8s attentif, empathique et sensible. Son soutien m&rsquo;est vraiment d&rsquo;une grande aide pour avancer sur le chemin parfois cahoteux de mon d\u00e9veloppement personnel\u00a0\u00bb<\/em>  <strong>Arnaud<\/strong><\/p>\n\n\n\n<p><em>\u00ab\u00a0Je recommande vivement Nicholas, fort de ses exp\u00e9riences multiples dans le coaching de Vie avec un Grand V, que j&rsquo;ai la chance de rencontrer r\u00e9guli\u00e8rement depuis plus de 4 ans, un TOP COACH Merci Nicholas pour qui tu es\u00a0\u00bb<\/em>  <strong>Fred<\/strong><\/p>\n\n\n\n<p><em>\u00ab\u00a0Je recommande Nicholas pour sa bienveillance, son \u00e9coute, et la pertinence ce son accompagnement. J&rsquo;ai d\u00e9j\u00e0 fait deux s\u00e9minaires avec lui, et cela m&rsquo;a beaucoup apport\u00e9\u00a0\u00bb<\/em>  <strong>Marc<\/strong><\/p>\n\n\n\n<p><em>\u00ab\u00a0En fran\u00e7ais ou en anglais, proche de la Nature ou en ville, Nicholas est la personne \u00e0 rencontrer pour ouvrir de nouvelles perspectives sur les enjeux que l&rsquo;on rencontre et nous permettre de trouver de nouvelles solutions\u00a0\u00bb<\/em>  <strong>C\u00e9dric<\/strong><\/p>\n\n\n\n<p><em>\u00ab\u00a0Nicholas est a l&rsquo;\u00e9coute, a de l&rsquo; empathie et est trouveur de solutions au probl\u00e8me du moment. Et fort accueillant dans un lieu tr\u00e8s agr\u00e9able et serein\u00a0\u00bb<\/em>  <strong>Nathalie<\/strong><\/p>\n\n\n\n<p><em>\u00ab\u00a0Un accueil chaleureux, un environnement apaisant, mais surtout une qualit\u00e9 d\u2019\u00e9coute hors du commun. Je remercie Nicholas pour son accompagnement et la justesse de ses analyses\u00a0\u00bb<\/em>  <strong>Anne<\/strong><\/p>\n\n\n\n<p><em>\u00ab\u00a0Un bel accompagnement avec le c\u0153ur. Merci \u00e0 Nicholas qui m&rsquo;a permis de m\u00fbrir mon projet. Je recommande vivement Nicholas qui saura vous guider vers l\u00e0 o\u00f9 vous devez aller\u00a0\u00bb<\/em>  <strong>Aur\u00e9lia<\/strong><\/p>\n\n\n\n<p>Voir aussi les commentaires sur mon page <a href=\"https:\/\/www.google.com\/maps\/place\/Nicholas+Beecroft+Accompagnateur+vers+le+mieux-%C3%AAtre\/@48.5477655,7.3176948,14.71z\/data=!4m6!3m5!1s0x4796ab57d46f4379:0x9d86dd628e260415!8m2!3d48.5483543!4d7.3164063!16s%2Fg%2F11l2gjnyll?entry=ttu\">Google my business<\/a><\/p>\n\n\n\n<p><\/p>\n","protected":false},"excerpt":{"rendered":"<p>Ici je publie quelques gentils retours que j&rsquo;ai eu des participants \u00e0 mes accompagnements, stages et constellations. Merci \u00e0 eux pour leur confiance. Que leur confiance puisse vous inspirer vous aussi \u00e0 me contacter&#8230; Constellations : \u00a0\u00bb J&rsquo;ai particip\u00e9 \u00e0 une constellation familiale avec Nicholas. Cela m&rsquo;a permis de sonder les \u00e9nergies cristallis\u00e9es aupr\u00e8s de&hellip; <a class=\"more-link\" href=\"https:\/\/www.nicholasbeecroft.fr\/index.php\/livre-dor\/\">Poursuivre la lecture <span class=\"screen-reader-text\">Livre d&rsquo;Or<\/span><\/a><\/p>\n","protected":false},"author":1,"featured_media":0,"parent":0,"menu_order":0,"comment_status":"closed","ping_status":"closed","template":"","meta":{"footnotes":""},"class_list":["post-647","page","type-page","status-publish","hentry","entry"],"_links":{"self":[{"href":"https:\/\/www.nicholasbeecroft.fr\/index.php\/wp-json\/wp\/v2\/pages\/647","targetHints":{"allow":["GET"]}}],"collection":[{"href":"https:\/\/www.nicholasbeecroft.fr\/index.php\/wp-json\/wp\/v2\/pages"}],"about":[{"href":"https:\/\/www.nicholasbeecroft.fr\/index.php\/wp-json\/wp\/v2\/types\/page"}],"author":[{"embeddable":true,"href":"https:\/\/www.nicholasbeecroft.fr\/index.php\/wp-json\/wp\/v2\/users\/1"}],"replies":[{"embeddable":true,"href":"https:\/\/www.nicholasbeecroft.fr\/index.php\/wp-json\/wp\/v2\/comments?post=647"}],"version-history":[{"count":8,"href":"https:\/\/www.nicholasbeecroft.fr\/index.php\/wp-json\/wp\/v2\/pages\/647\/revisions"}],"predecessor-version":[{"id":863,"href":"https:\/\/www.nicholasbeecroft.fr\/index.php\/wp-json\/wp\/v2\/pages\/647\/revisions\/863"}],"wp:attachment":[{"href":"https:\/\/www.nicholasbeecroft.fr\/index.php\/wp-json\/wp\/v2\/media?parent=647"}],"curies":[{"name":"wp","href":"https:\/\/api.w.org\/{rel}","templated":true}]}}