{"id":111,"date":"2021-12-21T14:04:04","date_gmt":"2021-12-21T13:04:04","guid":{"rendered":"https:\/\/nu724318808.wordpress.com\/?page_id=111"},"modified":"2022-10-05T09:40:28","modified_gmt":"2022-10-05T07:40:28","slug":"nu-nous","status":"publish","type":"page","link":"https:\/\/www.nicholasbeecroft.fr\/index.php\/nu-nous\/","title":{"rendered":"NU = Nous"},"content":{"rendered":"\n<figure class=\"wp-block-image size-large is-resized wp-duotone-000000-rgba2552552550-1\"><img decoding=\"async\" src=\"https:\/\/www.nicholasbeecroft.fr\/wp-content\/uploads\/2022\/04\/p1260230-1-edited-scaled.jpg\" alt=\"\" class=\"wp-image-557\" width=\"729\" srcset=\"https:\/\/www.nicholasbeecroft.fr\/wp-content\/uploads\/2022\/04\/p1260230-1-edited-scaled.jpg 2560w, https:\/\/www.nicholasbeecroft.fr\/wp-content\/uploads\/2022\/04\/p1260230-1-edited-300x225.jpg 300w, https:\/\/www.nicholasbeecroft.fr\/wp-content\/uploads\/2022\/04\/p1260230-1-edited-1024x768.jpg 1024w, https:\/\/www.nicholasbeecroft.fr\/wp-content\/uploads\/2022\/04\/p1260230-1-edited-768x576.jpg 768w, https:\/\/www.nicholasbeecroft.fr\/wp-content\/uploads\/2022\/04\/p1260230-1-edited-1536x1152.jpg 1536w, https:\/\/www.nicholasbeecroft.fr\/wp-content\/uploads\/2022\/04\/p1260230-1-edited-2048x1536.jpg 2048w, https:\/\/www.nicholasbeecroft.fr\/wp-content\/uploads\/2022\/04\/p1260230-1-edited-1568x1176.jpg 1568w\" sizes=\"(max-width: 2560px) 100vw, 2560px\" \/><\/figure>\n\n\n\n<div class=\"wp-block-group alignfull\"><div class=\"wp-block-group__inner-container is-layout-flow wp-block-group-is-layout-flow\">\n<div class=\"wp-block-jetpack-layout-grid alignfull column1-desktop-grid__span-2 column1-desktop-grid__start-2 column1-desktop-grid__row-1 column2-desktop-grid__span-6 column2-desktop-grid__start-4 column2-desktop-grid__row-1 column3-desktop-grid__span-2 column3-desktop-grid__start-11 column3-desktop-grid__row-1 column1-tablet-grid__span-3 column1-tablet-grid__row-1 column2-tablet-grid__span-5 column2-tablet-grid__start-4 column2-tablet-grid__row-1 column3-tablet-grid__span-3 column3-tablet-grid__start-4 column3-tablet-grid__row-2 column1-mobile-grid__span-4 column1-mobile-grid__row-1 column2-mobile-grid__span-4 column2-mobile-grid__row-2 column3-mobile-grid__span-4 column3-mobile-grid__row-3\">\n<div class=\"wp-block-jetpack-layout-grid-column wp-block-jetpack-layout-grid__padding-none\">\n<h4 class=\"has-text-align-left wp-block-heading\" id=\"us-un\">US = UN<\/h4>\n<\/div>\n\n\n\n<div class=\"wp-block-jetpack-layout-grid-column wp-block-jetpack-layout-grid__padding-none\">\n<p> Nos exp\u00e9riences en collectivit\u00e9, en association, en famille, en entreprise et en couple nous montre continuellement la difficult\u00e9 de faire et d\u00e9cider ensemble. <\/p>\n\n\n\n<p>Deux mouvements qui me sont chers d\u00e9veloppent des outils pour faciliter ce processus de vie : <a rel=\"noreferrer noopener\" href=\"https:\/\/www.colibris-lemouvement.org\/\" target=\"_blank\">Les Colibris<\/a> et <a href=\"https:\/\/universite-du-nous.org\/\" target=\"_blank\" rel=\"noreferrer noopener\">l\u2019Universit\u00e9 du Nous<\/a>&nbsp;<\/p>\n\n\n\n<p>Pour comprendre l&rsquo;int\u00e9r\u00eat de la gouvernance partag\u00e9e, il faut le <strong><em>vivre<\/em><\/strong>.&nbsp; On apprend \u00e0 accepter un certain \u00ab&nbsp;l\u00e2cher prise&nbsp;\u00bb par rapport au r\u00e9sultat\/objectif. C\u2019est accepter l&rsquo;id\u00e9e d&rsquo;une intelligence collective du groupe qui d\u00e9passe notre intelligence individuelle et c&rsquo;est simplement admettre que parfois, la somme des individus vaut plus que le total num\u00e9raire\u2026 ce qui est difficile \u00e0 expliquer avec les mots\u2026 C\u2019est donc une exp\u00e9rience \u00e0 vivre, en groupe, avec moi&nbsp;! J\u2019interviendrai en tant qu\u2019animateur dans votre groupe pour tenter de trouver des outils adapt\u00e9s qui vous permettent d\u2019entrevoir cette \u00ab&nbsp;lumi\u00e8re&nbsp;\u00bb d\u2019un \u00ab&nbsp;Nous intelligent&nbsp;\u00bb au centre de votre cercle.<\/p>\n\n\n\n<p><\/p>\n\n\n\n<p><\/p>\n<\/div>\n\n\n\n<div class=\"wp-block-jetpack-layout-grid-column wp-block-jetpack-layout-grid__padding-none\">\n<figure class=\"wp-block-image size-large is-resized wp-duotone-000000-rgba2552552550-2\"><img loading=\"lazy\" decoding=\"async\" src=\"https:\/\/www.nicholasbeecroft.fr\/wp-content\/uploads\/2022\/01\/p1250060-2.jpg?w=1024\" alt=\"\" class=\"wp-image-285\" width=\"387\" height=\"256\" srcset=\"https:\/\/www.nicholasbeecroft.fr\/wp-content\/uploads\/2022\/01\/p1250060-2.jpg 2048w, https:\/\/www.nicholasbeecroft.fr\/wp-content\/uploads\/2022\/01\/p1250060-2-300x199.jpg 300w, https:\/\/www.nicholasbeecroft.fr\/wp-content\/uploads\/2022\/01\/p1250060-2-1024x680.jpg 1024w, https:\/\/www.nicholasbeecroft.fr\/wp-content\/uploads\/2022\/01\/p1250060-2-768x510.jpg 768w, https:\/\/www.nicholasbeecroft.fr\/wp-content\/uploads\/2022\/01\/p1250060-2-1536x1020.jpg 1536w, https:\/\/www.nicholasbeecroft.fr\/wp-content\/uploads\/2022\/01\/p1250060-2-1568x1041.jpg 1568w\" sizes=\"auto, (max-width: 387px) 100vw, 387px\" \/><\/figure>\n<\/div>\n<\/div>\n<\/div><\/div>\n\n\n\n<div class=\"wp-block-group alignfull has-background-light-background-color has-background\"><div class=\"wp-block-group__inner-container is-layout-flow wp-block-group-is-layout-flow\">\n<div class=\"wp-block-jetpack-layout-grid alignfull column1-desktop-grid__span-10 column1-desktop-grid__start-2 column1-desktop-grid__row-1 column1-tablet-grid__span-8 column1-tablet-grid__row-1 column1-mobile-grid__span-4 column1-mobile-grid__row-1\">\n<div class=\"wp-block-jetpack-layout-grid-column wp-block-jetpack-layout-grid__padding-none\">\n<div style=\"height:64px\" aria-hidden=\"true\" class=\"wp-block-spacer\"><\/div>\n\n\n\n<hr class=\"wp-block-separator has-css-opacity is-style-default\"\/>\n\n\n\n<p><strong>Mon exp\u00e9rience<\/strong> : Je suis engag\u00e9 dans divers associations depuis 2007. \u00e0 cette \u00e9poque, nous avons cr\u00e9e une association g\u00e9r\u00e9e par gouvernance coll\u00e9giale qui s&rsquo;appelait Nomades. Les activit\u00e9s propos\u00e9es \u00e9taient diverses : citoyennet\u00e9 mondiale, musique et culture mondiale, d\u00e9couverte des \u00e9nergies et de la nature, des activit\u00e9s cr\u00e9atives, des moments festifs&#8230; Pour ma part j&rsquo;ai fait une formation BFARP (Brevet F\u00e9d\u00e9rale d&rsquo;Animateur de Randonn\u00e9e P\u00e9destre) avec le FFRP (F\u00e9d\u00e9ration Fran\u00e7aise de Randonn\u00e9e P\u00e9destre <a rel=\"noreferrer noopener\" href=\"https:\/\/www.ffrandonnee.fr\/\" target=\"_blank\">https:\/\/www.ffrandonnee.fr\/<\/a>) pour bien assurer des sorties en nature. En 2014 j&rsquo;ai d\u00e9couvert le mouvement Colibris <a rel=\"noreferrer noopener\" href=\"https:\/\/www.colibris-lemouvement.org\/\" target=\"_blank\">https:\/\/www.colibris-lemouvement.org\/<\/a> en rejoignant le groupe de Strasbourg. J&rsquo;ai d\u00e9couvert des nouveaux outils d&rsquo;Intelligence Collective et de Gouvernance Partag\u00e9e pour nos r\u00e9unions et la r\u00e9alisation de nos activit\u00e9s, ce qui m&rsquo;a conduit tout naturellement \u00e0 l&rsquo;UdN <a rel=\"noreferrer noopener\" href=\"https:\/\/universite-du-nous.org\/\" target=\"_blank\">https:\/\/universite-du-nous.org\/<\/a> o\u00f9 j&rsquo;ai fait leur stage \u00e9pique \u00ab\u00a0L&rsquo;atelier du Nous\u00a0\u00bb et puis le stage plus engag\u00e9 \u00ab\u00a0Leader Souteneur Coop\u00e9ratif\u00a0\u00bb, un stage sur plusieurs mois qui nous a mis au d\u00e9fi de r\u00e9ellement mettre en pratique tous ces outils. En effet, pour ce nouveau pratique innovante, on n&rsquo;est jamais au bout, tellement \u00e7a change notre mani\u00e8re de faire et d&rsquo;interagir avec les autres. De 2015 \u00e0 2019, j&rsquo;\u00e9tais membre de deux coop\u00e9ratifs. L&rsquo;exp\u00e9rience \u00e9tait mitig\u00e9, d&rsquo;o\u00f9 ma sortie en 2019, mais il y a avait beaucoup de positif aussi. Parmi mes exp\u00e9riences les plus m\u00e9morables \u00e9tait la pratique du cod\u00e9veloppement (pour d\u00e9couvrir <a rel=\"noreferrer noopener\" href=\"https:\/\/uptogether.com\/quest-ce-que-le-codeveloppement\/\" target=\"_blank\">https:\/\/uptogether.com\/quest-ce-que-le-codeveloppement\/<\/a>). Je l&rsquo;ai pratiqu\u00e9 au sein d&rsquo;un groupe de 8 \u00e0 12 personnes pendant un an et demi et cet merveilleux outil m&rsquo;a montr\u00e9 le plein potentiel de l&rsquo;intelligence collectif au service des entrepreneurs. En 2020; nous avons lanc\u00e9 un projet d&rsquo;\u00e9colieu (ou \u00ab\u00a0oasis\u00a0\u00bb pour les colibris <a rel=\"noreferrer noopener\" href=\"https:\/\/www.colibris-lemouvement.org\/projets\/projet-oasis\" target=\"_blank\">https:\/\/www.colibris-lemouvement.org\/projets\/projet-oasis<\/a>) avec ma femme. Nous \u00e9tions quatre couples dans le projet et nous avons chemin\u00e9 ensemble pendant une bonne ann\u00e9e. Notre projet ne s&rsquo;est pas abouti mais nous nous sommes tous enrichis par l\u2019exp\u00e9rience. En effet je pourrais affirmer que le chemin a \u00e9t\u00e9 tr\u00e8s riche et apprenant m\u00eame si l&rsquo;objectif n&rsquo;\u00e9tait pas atteint. Un des couples est rest\u00e9 vivre avec nous en cohabitation, une exp\u00e9rience que nous appelons un <a rel=\"noreferrer noopener\" href=\"https:\/\/www.facebook.com\/photo\/?fbid=5297284673689811&amp;set=a.2886834041401565\" target=\"_blank\">\u00ab\u00a0collectif conscient multi-g\u00e9n\u00e9rationnel\u00a0\u00bb<\/a>. Mon parcours me confirme encore et encore l&rsquo;int\u00e9r\u00eat d&rsquo;\u00eatre, faire et d\u00e9cider ensemble. C&rsquo;est le chemin de la \u00ab\u00a0reliation\u00a0\u00bb, le chemin inter-relationel de l\u2019humain. <\/p>\n\n\n\n<div style=\"height:20px\" aria-hidden=\"true\" class=\"wp-block-spacer\"><\/div>\n\n\n\n<blockquote class=\"wp-block-quote has-text-align-center is-style-large is-layout-flow wp-block-quote-is-layout-flow\"><p>\u00ab&nbsp;Soyez \u00e9go\u00efstes, aimez vous les uns les autres.&nbsp;\u00bb<\/p><cite>Le Dala\u00ef lama<\/cite><\/blockquote>\n\n\n\n<div style=\"height:20px\" aria-hidden=\"true\" class=\"wp-block-spacer\"><\/div>\n\n\n\n<hr class=\"wp-block-separator has-css-opacity\"\/>\n\n\n\n<div style=\"height:64px\" aria-hidden=\"true\" class=\"wp-block-spacer\"><\/div>\n<\/div>\n<\/div>\n<\/div><\/div>\n\n\n\n<div class=\"wp-block-group alignfull\"><div class=\"wp-block-group__inner-container is-layout-flow wp-block-group-is-layout-flow\">\n<div style=\"height:64px\" aria-hidden=\"true\" class=\"wp-block-spacer\"><\/div>\n\n\n\n<div class=\"wp-block-jetpack-layout-grid alignfull column1-desktop-grid__span-2 column1-desktop-grid__start-2 column1-desktop-grid__row-1 column2-desktop-grid__span-3 column2-desktop-grid__start-4 column2-desktop-grid__row-1 column3-desktop-grid__span-3 column3-desktop-grid__start-7 column3-desktop-grid__row-1 column4-desktop-grid__span-3 column4-desktop-grid__start-10 column4-desktop-grid__row-1 column1-tablet-grid__span-4 column1-tablet-grid__row-1 column2-tablet-grid__span-4 column2-tablet-grid__start-5 column2-tablet-grid__row-1 column3-tablet-grid__span-4 column3-tablet-grid__row-2 column4-tablet-grid__span-4 column4-tablet-grid__start-5 column4-tablet-grid__row-2 column1-mobile-grid__span-4 column1-mobile-grid__row-1 column2-mobile-grid__span-4 column2-mobile-grid__row-2 column3-mobile-grid__span-4 column3-mobile-grid__row-3 column4-mobile-grid__span-4 column4-mobile-grid__row-4\">\n<div class=\"wp-block-jetpack-layout-grid-column wp-block-jetpack-layout-grid__padding-none\">\n<h4 class=\"has-text-align-left wp-block-heading\" id=\"me-contacter\">Me contacter<\/h4>\n<\/div>\n\n\n\n<div class=\"wp-block-jetpack-layout-grid-column wp-block-jetpack-layout-grid__padding-none\">\n<div class=\"wp-block-jetpack-contact-info\">\n\n<div class=\"wp-block-jetpack-address\"><a href=\"https:\/\/www.google.com\/maps\/search\/4+rue des Chasseurs,+OBERHASLACH,+67280+FRANCE\" target=\"_blank\" rel=\"noopener noreferrer\" title=\"Ouvrir l\u2019adresse dans Google Maps\"><div class=\"jetpack-address__address jetpack-address__address1\">4 rue des Chasseurs<\/div><div><span class=\"jetpack-address__city\">OBERHASLACH<\/span>, <span class=\"jetpack-address__region\"><\/span> <span class=\"jetpack-address__postal\">67280<\/span><\/div><div class=\"jetpack-address__country\">FRANCE<\/div><\/a><\/div>\n\n<\/div>\n<\/div>\n\n\n\n<div class=\"wp-block-jetpack-layout-grid-column wp-block-jetpack-layout-grid__padding-none\">\n<div class=\"wp-block-jetpack-contact-info\">\n\n<div class=\"wp-block-jetpack-email\"><a href=\"mailto:nickbee8@gmail.com\">nickbee8@gmail.com<\/a><\/div>\n\n\n<div class=\"wp-block-jetpack-phone\"><a href=\"tel:0648248200\">06 48 24 82 00<\/a><\/div>\n\n<\/div>\n<\/div>\n\n\n\n<div class=\"wp-block-jetpack-layout-grid-column wp-block-jetpack-layout-grid__padding-none\">\n<ul class=\"wp-block-social-links is-layout-flex wp-block-social-links-is-layout-flex\"><li class=\"wp-social-link wp-social-link-facebook  wp-block-social-link\"><a href=\"https:\/\/facebook.com\" class=\"wp-block-social-link-anchor\"><svg width=\"24\" height=\"24\" viewBox=\"0 0 24 24\" version=\"1.1\" xmlns=\"http:\/\/www.w3.org\/2000\/svg\" aria-hidden=\"true\" focusable=\"false\"><path d=\"M12 2C6.5 2 2 6.5 2 12c0 5 3.7 9.1 8.4 9.9v-7H7.9V12h2.5V9.8c0-2.5 1.5-3.9 3.8-3.9 1.1 0 2.2.2 2.2.2v2.5h-1.3c-1.2 0-1.6.8-1.6 1.6V12h2.8l-.4 2.9h-2.3v7C18.3 21.1 22 17 22 12c0-5.5-4.5-10-10-10z\"><\/path><\/svg><span class=\"wp-block-social-link-label screen-reader-text\">Facebook<\/span><\/a><\/li>\n\n<li class=\"wp-social-link wp-social-link-instagram  wp-block-social-link\"><a href=\"https:\/\/instagram.com\" class=\"wp-block-social-link-anchor\"><svg width=\"24\" height=\"24\" viewBox=\"0 0 24 24\" version=\"1.1\" xmlns=\"http:\/\/www.w3.org\/2000\/svg\" aria-hidden=\"true\" focusable=\"false\"><path d=\"M12,4.622c2.403,0,2.688,0.009,3.637,0.052c0.877,0.04,1.354,0.187,1.671,0.31c0.42,0.163,0.72,0.358,1.035,0.673 c0.315,0.315,0.51,0.615,0.673,1.035c0.123,0.317,0.27,0.794,0.31,1.671c0.043,0.949,0.052,1.234,0.052,3.637 s-0.009,2.688-0.052,3.637c-0.04,0.877-0.187,1.354-0.31,1.671c-0.163,0.42-0.358,0.72-0.673,1.035 c-0.315,0.315-0.615,0.51-1.035,0.673c-0.317,0.123-0.794,0.27-1.671,0.31c-0.949,0.043-1.233,0.052-3.637,0.052 s-2.688-0.009-3.637-0.052c-0.877-0.04-1.354-0.187-1.671-0.31c-0.42-0.163-0.72-0.358-1.035-0.673 c-0.315-0.315-0.51-0.615-0.673-1.035c-0.123-0.317-0.27-0.794-0.31-1.671C4.631,14.688,4.622,14.403,4.622,12 s0.009-2.688,0.052-3.637c0.04-0.877,0.187-1.354,0.31-1.671c0.163-0.42,0.358-0.72,0.673-1.035 c0.315-0.315,0.615-0.51,1.035-0.673c0.317-0.123,0.794-0.27,1.671-0.31C9.312,4.631,9.597,4.622,12,4.622 M12,3 C9.556,3,9.249,3.01,8.289,3.054C7.331,3.098,6.677,3.25,6.105,3.472C5.513,3.702,5.011,4.01,4.511,4.511 c-0.5,0.5-0.808,1.002-1.038,1.594C3.25,6.677,3.098,7.331,3.054,8.289C3.01,9.249,3,9.556,3,12c0,2.444,0.01,2.751,0.054,3.711 c0.044,0.958,0.196,1.612,0.418,2.185c0.23,0.592,0.538,1.094,1.038,1.594c0.5,0.5,1.002,0.808,1.594,1.038 c0.572,0.222,1.227,0.375,2.185,0.418C9.249,20.99,9.556,21,12,21s2.751-0.01,3.711-0.054c0.958-0.044,1.612-0.196,2.185-0.418 c0.592-0.23,1.094-0.538,1.594-1.038c0.5-0.5,0.808-1.002,1.038-1.594c0.222-0.572,0.375-1.227,0.418-2.185 C20.99,14.751,21,14.444,21,12s-0.01-2.751-0.054-3.711c-0.044-0.958-0.196-1.612-0.418-2.185c-0.23-0.592-0.538-1.094-1.038-1.594 c-0.5-0.5-1.002-0.808-1.594-1.038c-0.572-0.222-1.227-0.375-2.185-0.418C14.751,3.01,14.444,3,12,3L12,3z M12,7.378 c-2.552,0-4.622,2.069-4.622,4.622S9.448,16.622,12,16.622s4.622-2.069,4.622-4.622S14.552,7.378,12,7.378z M12,15 c-1.657,0-3-1.343-3-3s1.343-3,3-3s3,1.343,3,3S13.657,15,12,15z M16.804,6.116c-0.596,0-1.08,0.484-1.08,1.08 s0.484,1.08,1.08,1.08c0.596,0,1.08-0.484,1.08-1.08S17.401,6.116,16.804,6.116z\"><\/path><\/svg><span class=\"wp-block-social-link-label screen-reader-text\">Instagram<\/span><\/a><\/li>\n\n\n\n<\/ul>\n<\/div>\n<\/div>\n\n\n\n<div style=\"height:64px\" aria-hidden=\"true\" class=\"wp-block-spacer\"><\/div>\n<\/div><\/div>\n","protected":false},"excerpt":{"rendered":"<p>US = UN Nos exp\u00e9riences en collectivit\u00e9, en association, en famille, en entreprise et en couple nous montre continuellement la difficult\u00e9 de faire et d\u00e9cider ensemble. Deux mouvements qui me sont chers d\u00e9veloppent des outils pour faciliter ce processus de vie : Les Colibris et l\u2019Universit\u00e9 du Nous&nbsp; Pour comprendre l&rsquo;int\u00e9r\u00eat de la gouvernance partag\u00e9e,&hellip; <a class=\"more-link\" href=\"https:\/\/www.nicholasbeecroft.fr\/index.php\/nu-nous\/\">Poursuivre la lecture <span class=\"screen-reader-text\">NU = Nous<\/span><\/a><\/p>\n","protected":false},"author":1,"featured_media":0,"parent":0,"menu_order":0,"comment_status":"closed","ping_status":"closed","template":"","meta":{"footnotes":""},"class_list":["post-111","page","type-page","status-publish","hentry","entry"],"_links":{"self":[{"href":"https:\/\/www.nicholasbeecroft.fr\/index.php\/wp-json\/wp\/v2\/pages\/111","targetHints":{"allow":["GET"]}}],"collection":[{"href":"https:\/\/www.nicholasbeecroft.fr\/index.php\/wp-json\/wp\/v2\/pages"}],"about":[{"href":"https:\/\/www.nicholasbeecroft.fr\/index.php\/wp-json\/wp\/v2\/types\/page"}],"author":[{"embeddable":true,"href":"https:\/\/www.nicholasbeecroft.fr\/index.php\/wp-json\/wp\/v2\/users\/1"}],"replies":[{"embeddable":true,"href":"https:\/\/www.nicholasbeecroft.fr\/index.php\/wp-json\/wp\/v2\/comments?post=111"}],"version-history":[{"count":5,"href":"https:\/\/www.nicholasbeecroft.fr\/index.php\/wp-json\/wp\/v2\/pages\/111\/revisions"}],"predecessor-version":[{"id":625,"href":"https:\/\/www.nicholasbeecroft.fr\/index.php\/wp-json\/wp\/v2\/pages\/111\/revisions\/625"}],"wp:attachment":[{"href":"https:\/\/www.nicholasbeecroft.fr\/index.php\/wp-json\/wp\/v2\/media?parent=111"}],"curies":[{"name":"wp","href":"https:\/\/api.w.org\/{rel}","templated":true}]}}